 prime factors of 20034125.
5, 83, 1931
List the prime factors of 569019.
3, 11, 43, 401
What are the prime factors of 1185025?
5, 107, 443
What are the prime factors of 371333?
371333
What are the prime factors of 689481?
3, 13, 71, 83
What are the prime factors of 1323092?
2, 53, 79
List the prime factors of 8120966.
2, 7, 173, 479
What are the prime factors of 1715573?
71, 73, 331
What are the prime factors of 47133?
3, 5237
List the prime factors of 125581.
31, 4051
What are the prime factors of 4476173?
13, 344321
What are the prime factors of 1814006?
2, 19, 47737
List the prime factors of 463181.
463181
What are the prime factors of 1397975?
5, 199, 281
What are the prime factors of 2277051?
3, 7, 29, 3739
What are the prime factors of 1931679?
3, 214631
List the prime factors of 116269.
116269
List the prime factors of 12980996.
2, 7, 17, 27271
What are the prime factors of 60042?
2, 3, 10007
List the prime factors of 2476733.
7, 353819
What are the prime factors of 705464?
2, 163, 541
List the prime factors of 6905904.
2, 3, 143873
List the prime factors of 5364967.
347, 15461
What are the prime factors of 634296?
2, 3, 13, 19, 107
What are the prime factors of 31530700?
2, 5, 23, 13709
What are the prime factors of 9122767?
89, 102503
What are the prime factors of 11312668?
2, 29, 97523
List the prime factors of 885540.
2, 3, 5, 14759
List the prime factors of 665905.
5, 97, 1373
List the prime factors of 9914470.
2, 5, 991447
What are the prime factors of 797714?
2, 398857
List the prime factors of 4915263.
3, 103, 15907
What are the prime factors of 1036226?
2, 518113
List the prime factors of 401927.
277, 1451
What are the prime factors of 2872177?
7, 11, 3391
List the prime factors of 507753.
3, 56417
What are the prime factors of 34576757?
67, 113, 4567
What are the prime factors of 409701?
3, 37, 3691
List the prime factors of 3752189.
7, 17, 31531
List the prime factors of 9356787.
3, 11, 94513
List the prime factors of 52097.
59, 883
What are the prime factors of 202337?
31, 61, 107
List the prime factors of 5506476.
2, 3, 23, 71, 281
List the prime factors of 213257.
11, 19387
What are the prime factors of 2435521?
11, 221411
What are the prime factors of 1402344?
2, 3, 19477
List the prime factors of 1916616.
2, 3, 13, 6143
List the prime factors of 300746.
2, 150373
What are the prime factors of 275730?
2, 3, 5, 7, 13, 101
What are the prime factors of 120778?
2, 7, 8627
List the prime factors of 3174051.
3, 47, 22511
List the prime factors of 431818.
2, 215909
What are the prime factors of 5070907?
101, 50207
List the prime factors of 883385.
5, 176677
List the prime factors of 4259547.
3, 5843
What are the prime factors of 543026?
2, 11, 24683
What are the prime factors of 111897?
3, 12433
List the prime factors of 2265003.
3, 13, 239
List the prime factors of 21442.
2, 71, 151
What are the prime factors of 4021779?
3, 317, 4229
List the prime factors of 264223.
163, 1621
List the prime factors of 20672079.
3, 107, 64399
What are the prime factors of 1884248?
2, 317, 743
What are the prime factors of 15815014?
2, 7907507
List the prime factors of 11562861.
3, 41, 94007
What are the prime factors of 132420?
2, 3, 5, 2207
List the prime factors of 632636.
2, 109, 1451
List the prime factors of 232149.
3, 77383
List the prime factors of 31631.
47, 673
What are the prime factors of 1298263?
61, 21283
What are the prime factors of 818942?
2, 409471
What are the prime factors of 1247604?
2, 3, 103967
What are the prime factors of 10094279?
13, 776483
What are the prime factors of 1638929?
1638929
What are the prime factors of 4634692?
2, 1158673
What are the prime factors of 4942873?
13, 523, 727
List the prime factors of 154819.
7, 17, 1301
What are the prime factors of 356328?
2, 3, 7, 101
List the prime factors of 452851.
7, 64693
List the prime factors of 3633887.
43, 84509
List the prime factors of 379801.
149, 2549
List the prime factors of 7655604.
2, 3, 11, 59, 983
What are the prime factors of 66883?
66883
What are the prime factors of 30314395?
5, 1667, 3637
What are the prime factors of 1364978?
2, 682489
List the prime factors of 677311.
677311
List the prime factors of 38163.
3, 12721
What are the prime factors of 374475?
3, 5, 4993
List the prime factors of 8267282.
2, 4133641
What are the prime factors of 23381360?
2, 5, 292267
List the prime factors of 958511.
17, 56383
List the prime factors of 1035357.
3, 563, 613
What are the prime factors of 1503596?
2, 375899
What are the prime factors of 20477?
20477
What are the prime factors of 243406?
2, 17, 7159
List the prime factors of 3261440.
2, 5, 7, 13
What are the prime factors of 594291?
3, 198097
List the prime factors of 121411.
317, 383
What are the prime factors of 374317?
374317
List the prime factors of 3550312.
2, 151, 2939
List the prime factors of 313263.
3, 34807
What are the prime factors of 2246826?
2, 3, 19, 19709
What are the prime factors of 2318894?
2, 1159447
List the prime factors of 246398.
2, 17, 7247
List the prime factors of 6629733.
3, 11, 167, 401
What are the prime factors of 5645628?
2, 3, 156823
List the prime factors of 151960.
2, 5, 29, 131
List the prime factors of 12826970.
2, 5, 13, 98669
What are the prime factors of 510480?
2, 3, 5, 709
List the prime factors of 321352.
2, 40169
List the prime factors of 90100.
2, 5, 17, 53
List the prime factors of 2775408.
2, 3, 67, 863
What are the prime factors of 754213?
79, 9547
What are the prime factors of 251627?
31, 8117
What are the prime factors of 896086?
2, 31, 97, 149
List the prime factors of 18630663.
3, 6210221
What are the prime factors of 2653854?
2, 3, 7, 179, 353
List the prime factors of 25584411.
3, 101, 84437
What are the prime factors of 211234?
2, 31, 3407
What are the prime factors of 8361959?
853, 9803
List the prime factors of 202967.
202967
What are the prime factors of 13502804?
2, 7, 482243
List the prime factors of 1503898.
2, 11, 197, 347
List the prime factors of 147874.
2, 107, 691
What are the prime factors of 254748?
2, 3, 13, 23, 71
What are the prime factors of 1323874?
2, 283, 2339
List the prime factors of 334952.
2, 149, 281
List the prime factors of 173510.
2, 5, 17351
What are the prime factors of 10430204?
2, 2607551
List the prime factors of 417201.
3, 139067
List the prime factors of 534212.
2, 7, 19079
List the prime factors of 3878654.
2, 13, 241, 619
List the prime factors of 398056.
2, 49757
What are the prime factors of 270809?
7, 11, 3517
List the prime factors of 4302186.
2, 3, 7, 102433
List the prime factors of 1238981.
53, 97, 241
What are the prime factors of 398093?
257, 1549
What are the prime factors of 19525082?
2, 1949, 5009
What are the prime factors of 2739569?
7, 391367
What are the prime factors of 18728503?
18728503
List the prime factors of 106496.
2, 13
List the prime factors of 364702.
2, 13, 83
What are the prime factors of 2896955?
5, 29, 19979
What are the prime factors of 1991006?
2, 17, 31, 1889
List the prime factors of 3693736.
2, 461717
List the prime factors of 892374.
2, 3, 7, 21247
What are the prime factors of 6518802?
2, 3, 419, 2593
What are the prime factors of 334507?
334507
What are the prime factors of 3297194?
2, 347, 4751
List the prime factors of 1553208.
2, 3, 64717
What are the prime factors of 3185265?
3, 5, 131, 1621
List the prime factors of 2419793.
2419793
List the prime factors of 1060065.
3, 5, 23557
List the prime factors of 18623666.
2, 61, 293, 521
List the prime factors of 24811.
43, 577
What are the prime factors of 167441?
167441
What are the prime factors of 2705753?
1327, 2039
What are the prime factors of 1309989?
3, 83, 5261
List the prime factors of 256666.
2, 17, 7549
List the prime factors of 1360146.
2, 3, 226691
List the prime factors of 79985.
5, 17, 941
What are the prime factors of 2119791?
3, 706597
What are the prime factors of 652110?
2, 3, 5, 21737
List the prime factors of 5136472.
2, 11, 58369
List the prime factors of 6770144.
2, 83, 2549
List the prime factors of 568723.
568723
List the prime factors of 1345420.
2, 5, 67271
List the prime factors of 159484.
2, 13, 3067
What are the prime factors of 5266328?
2, 17, 38723
What are the prime factors of 37195567?
31